 Let n(g) = -g + 0*g - 10 + z*g - 3*g. Let d(t) = -t + 16. Let s be d(11). Give n(s).
-5
Let m(r) = -r**3 + 2*r**2 - 2*r + 4. Suppose 381 = 81*w - 78*w. Let i = w + -124. What is m(i)?
-11
Let o(k) = -2*k**2 - 11*k - 9. Let p(i) = i**2 + 0*i**2 + 6 + 6*i - 1. Let x(j) = 6*o(j) + 11*p(j). Suppose 2046*b - 2041*b - 6 = -1. Calculate x(b).
0
Let j(p) = -p**3 - p**2 + 4*p - 3. Let n be 26*95/608 - 2/32. Determine j(n).
-67
Let m = -530 - -536. Let n(u) = u**2 - 6*u - 8. Calculate n(m).
-8
Let f(q) = 7*q**2 + 15*q - 17. Let o(t) = 4*t**2 + 7*t - 9. Let v be (19/(-4) - -2) + 3/(-12). Let p(z) = v*f(z) + 5*o(z). Give p(-10).
6
Let b(w) = 94*w + w**3 - 3 - 23*w - 23*w - 52*w - 4*w**2 - 3*w**3. Let h = 2 + 1. Suppose h*a + 10 = x, -3 - 7 = a - 2*x. What is b(a)?
5
Let k(m) be the third derivative of -m**5/40 - 4*m**3 - 8*m**2. Let r(h) be the first derivative of k(h). Suppose 3*g - 8*g = 10. Calculate r(g).
6
Let i be (442/17)/((-6)/9). Let q(n) = -n**3 - 37*n**2 + 83*n + 199. Determine q(i).
4
Let l(x) = -4 - 42*x + 33*x + 8 - 14. Determine l(-4).
26
Suppose -2*n + n - 4 = 0, 4*s - 2*n = 168. Let h be (s/60)/(7/(-6) - -1). Let o be 1 + 1 - h*3/(-4). Let r(u) = -8*u - 1. Calculate r(o).
7
Let g(v) be the second derivative of -60*v + 3*v**2 + 0 + 1/3*v**3. Give g(-4).
-2
Let c(m) be the third derivative of m**4/24 - 3*m**3 + 1226*m**2. Determine c(7).
-11
Let t(r) = 6*r**2 - 2*r**3 + 7*r + r**3 + 1 - 8. Suppose 0 = -s - 13 + 22. Suppose 26 = s*c - 37. Calculate t(c).
-7
Let r(j) = 7*j - 47. Let z = 5168 - 5161. Determine r(z).
2
Let g(m) = -m + 6. Let v(j) be the second derivative of -j**5/5 + j**4/12 + j**3/2 - 2*j**2 + 27*j. Let z be v(2). Let i = z - -33. Give g(i).
-1
Suppose 0 = -12*x + 79 - 55. Let j(r) = 139*r**3 - 2 - 142*r**3 + 4*r**2 - 2*r**2 + 2*r. Determine j(x).
-14
Let o(q) = -q**2 + 4*q + 2. Let g(j) = 6*j**2 - 40*j - 17. Let f(y) = -g(y) - 10*o(y). What is f(-2)?
13
Let s = 12 - 10. Let k be -8 + (2 - (s - 1)). Let f(y) be the third derivative of -y**4/24 - y**3/3 - y**2 + 34*y. Calculate f(k).
5
Let p(j) = 7*j**2 - j. Let i be p(1). Let u(a) = 6 - i*a**2 + 4*a + 3*a**2 + 6*a**3 - 7*a**3. Let y be (74/(-148))/((-1)/(-8)). What is u(y)?
6
Suppose 5 = -2*y - 1. Let m(l) = -17*l - 11*l - 4 + 0 - 17*l + 39*l. Give m(y).
14
Let b(w) = -w**2 - 2*w + 5. Let g(p) = 2*p - 5. Suppose -h + 3 = -2. Let y be g(h). Suppose y = r + 9. Calculate b(r).
-3
Let y(m) = -5*m - 29. Let a be y(9). Let v = a + 120. Let c(k) = 5*k**3 - 23 - 4*k**3 + v - 20 + 5*k**2. Calculate c(-5).
3
Let y be (-3)/(3/10) - -1. Let v = -22 - y. Let g(f) = 7*f**2 - 11. Let u(b) = -20*b**2 - 2*b + 34. Let d(h) = -17*g(h) - 6*u(h). Calculate d(v).
-4
Suppose -x + 0 = -5. Let y(s) = -371045*s - 512 + 371048*s + 523 - s**2. What is y(x)?
1
Suppose 4*z + 1820 - 1848 = 0. Suppose -z = h + 4*p, -4*p - 1 = -3*p. Let m(x) = 6*x - 4. What is m(h)?
-22
Let i(d) = 24*d - 22 + 25*d + 24*d - 66*d. Let n(w) = 16*w - 43. Let k(j) = -7*i(j) + 3*n(j). Give k(11).
14
Let g(s) = 4*s**2 - 3*s + 4. Suppose -5*u - 12 = t, u + 6*t - 5*t = 0. Calculate g(u).
49
Let h(d) = d**2 - 5*d + 15. Let b be h(10). Let c = -63 + b. Let a(g) = -2*g**2 + 2*g + 2. Let p(w) = -w**2 - w - 1. Let n(f) = c*p(f) + a(f). Give n(1).
-4
Suppose a - 13 = 4*o - 40, 5*o = -4*a + 18. Let r(q) = -8*q**2 - 20*q + 2. Give r(a).
-10
Let k = 7 - 13. Let r(f) be the second derivative of f**4/12 + 9*f**2/2 - 2*f - 13. Let t(x) = -x**2 - 2*x - 8. Let n(i) = -3*r(i) - 4*t(i). What is n(k)?
-7
Suppose 616 + 84 = 14*d. Suppose 60*k - d*k = 100. Let h(n) = -n**2 - n - 1. Let u(f) = -4*f**2 - 14*f - 10. Let r(b) = -5*h(b) + u(b). Give r(k).
5
Let q(s) be the second derivative of -5/6*s**3 - 3/2*s**2 + 10*s - 4. Give q(-5).
22
Let a(j) = 3*j**3 - 116*j**2 + 74*j + 65. Let c be a(38). Let d(z) = -z**2 - 5*z + 32. Calculate d(c).
-34
Suppose 0 = -44*i + 39*i. Suppose i = -3*q - 13 + 7. Let l(g) = -2*g - 2 - 4*g + 4*g. Give l(q).
2
Suppose 24*r - 30 = 34*r. Let a(b) = 3*b - 2. Calculate a(r).
-11
Let o(h) = -6323*h - 6347*h + 12673*h + 23. Calculate o(-4).
11
Let p(z) = 2*z - 5. Let u(k) = k**3 + 10*k**2 + 2*k + 6. Let y be u(-12). Let h be (-14)/(-49) - (y/14)/(-3). Give p(h).
-19
Let f(k) = -10 - 8*k + 8*k + 4*k - 28. Let b(w) = -3*w + 25. Let z(d) = 7*b(d) + 5*f(d). Let t be 0/((1 - 1) + 2). What is z(t)?
-15
Suppose -b + 2*f + 15 = 0, 0 = 5*b + 4*f - 103. Suppose -b*q = -17*q - 20. Let g(l) be the third derivative of -l**4/8 + 7*l**3/3 - 3*l**2. Give g(q).
-16
Let j(d) = -3*d**2 - 19*d - 25. Suppose -62*u - 5*m = -60*u - 32, -5*m = -3*u - 52. What is j(u)?
3
Let y = -123 - 881. Let p = 1001 + y. Let a(b) = -b - 7. Give a(p).
-4
Let r = 2328 + -2329. Let d(k) be the third derivative of -31*k**5/60 + k**3/6 + 2*k**2. What is d(r)?
-30
Let z(l) = -l**3 - 7*l**2 + 6*l + 29. Suppose -5*a + 36*a = 2*a - 203. Calculate z(a).
-13
Let s(l) = -15*l - 434. Let m be s(-29). Let g(o) = 7*o**3 - 2*o + 1. Calculate g(m).
6
Let o = -140 + 142. Suppose 3*c - 5*x = -o*x + 12, 0 = 3*c + 4*x - 26. Let k(a) = a**3 - 4*a**2 - 10*a + 7. Determine k(c).
19
Suppose -w = -j + 4 + 6, j - 5*w = 2. Let x(t) = -8*t + 14 - j*t - 12*t + 33*t. Determine x(-8).
6
Let r(w) = 3*w - 4. Let x(o) = 4*o - 3. Let c = 6 - -10. Suppose 0 = -f - 20 + c. Let k(i) = f*x(i) + 3*r(i). Give k(1).
-7
Let c be 5*(3 + 3 + -2 + -3). Let o(y) be the first derivative of -5*y + 1/4*y**4 - 3*y**2 - 4/3*y**3 + 18. Give o(c).
-10
Let b(k) = k**3 + 19*k**2 - 22*k - 32. Suppose 0 = 4*h + 5*g + 95, 13*g + 84 = -3*h + 5*g. Determine b(h).
8
Let r(p) = p - 2. Suppose -2*h - 4 = 3*k + 1, h = -4*k. Suppose -2*n - k = -n, 4*w - 25 = n. Let l be r(w). Let c(q) = q**3 - 4*q**2 + 5. What is c(l)?
5
Let s(k) = k**2 + 1236 + 1229 - k - 2463. Let l be 0/((-1)/2*4). What is s(l)?
2
Let g(z) = -3*z - 26. Let u = -940 + 953. Determine g(u).
-65
Let n(o) = o**2 + 11*o + 1. Suppose -b + 3 + 3 = 2*k, 3*b = 5*k - 26. Suppose -d + 12 = 5*w - 3, 2*d = -k*w. Give n(d).
-9
Let o(p) = p**3 - 16*p**2 + 17*p - 18. Suppose -5*j + 156 + 184 = 0. Suppose -4*g = -4*a - j, -47 = -g - 2*g + a. What is o(g)?
12
Let s be ((-1)/(20/8))/(6 + 420/(-75)). Let z(g) = 21*g**2 + 4*g. Let b(c) = 20*c**2 + 5*c. Let w(j) = -3*b(j) + 4*z(j). Calculate w(s).
23
Let l = -9 + 17. Let i be 9/(-6)*l/(-3). Let z(a) = -a**3 - a**2 - a - 1. Let m(c) = c**3 + 6*c**2 + 3*c + 5. Let p(w) = m(w) + 2*z(w). What is p(i)?
7
Suppose -4 = -f + 3*h - 5*h, -2*f + 4*h - 8 = 0. Let z(y) = y**3 + y**2 - y - 51. Give z(f).
-51
Let f = 77 - 72. Suppose -6 - 1 = -f*a - m, -4 = a + 2*m. Let s(k) = 1 - 12*k + a*k + 0*k + 12*k**3 + 8*k. What is s(1)?
11
Let s(r) = -r**3 - 2*r**2 - 3*r + 4. Let b(x) = x + 4. Let c be b(-4). Let o = 9705 - 9581. Suppose c = 5*k + o - 109. What is s(k)?
22
Let d(y) = -y - 1. Suppose 5*v - 4 = 4*v. Suppose 0 = -v*p - 5 + 9. Let n be p*-1 - (-5 + (-72)/(-6)). Determine d(n).
7
Let k(j) = -2*j**2 - 2*j + 4. Let d(n) = 17*n**3 - 2*n**2 + n + 6. Let w be d(-3). Let g = 471 + w. Calculate k(g).
-8
Let a(c) = 7*c**2 + 9*c - 15. Let g(z) be the first derivative of z**3 + 2*z**2 - 7*z - 71. Let p(f) = 4*a(f) - 9*g(f). Determine p(0).
3
Suppose 4*j - 17 - 67 = 0. Let r be 4/(-32) - j/24 - 5. Let n(y) be the second derivative of y**4/12 + 4*y**3/3 - 2*y**2 - 3*y. Calculate n(r).
-16
Let g(x) = x**2 - 5. Suppose 18 = 24*r - 30. Let u be 636/(-45) + 10 + r/15. What is g(u)?
11
Suppose -22*c + 70 + 79 = 237. Let y(r) = 28*r + 1. What is y(c)?
-111
Let m(y) = 21*y - 37. Let q(t) = 59*t - 109. Let l(h) = -17*m(h) + 6*q(h). What is l(-12)?
11
Let o(l) be the first derivative of 180 - 1/3*l**3 + 0*l**2 - 1/4*l**4 + 17*l. Determine o(0).
17
Let f = 19 + -13. Suppose f*p - 10*p = 8. Let b(v) = -4*v + 66 - 2*v**2 + 4*v**2 - 69. Give b(p).
13
Let t(f) = -30*f + 274. Let h(a) = 131*a - 1097. Let p(i) = -4*h(i) - 17*t(i). Calculate p(-19).
-4
Let y(f) = f - 1. Let s(h) = 5*h**2 - 4*h - 22. Let u be s(-5). Let g = u + -118. Give y(g).
4
Let q be 29 - 24 - (-2 - -12). Let s(v) be the first derivative of v**4/4 + 4*v**3/3 - 7*v**2/2 - 4*v - 2. Determine s(q).
6
Let d be 9/63 + (-1)/7. Suppose d = 3*f + 3, -z = 4*f - 0 + 5. Let u(m) = -4*m**3 + m. What is u(z)?
3
Let z(h) = -h + 30. Let f = 537 - 537. Give z(f).
30
Let w(r) be the second derivative of 28*r - 1/24*r*